= 934*f - 1309527. What is the units digit of f?
1
Suppose -5*r - 2488 = 3*k - 22636, -4*r = 0. What is the thousands digit of k?
6
Suppose 42050 = 4*q - 71146. What is the hundreds digit of q?
2
Let w(h) = -h**2 - 3*h + 31. Let t be w(-7). Let u(z) = -z**3 + 10*z**2 - 6*z - 3. Let n be u(t). What is the units digit of 1232/n*(5 + (-4)/2)?
8
Suppose -c = 5*c + 180. Let v be 57 + 6/c + (-11)/(-5). Suppose -w + 59 - 195 = -2*n, 0 = n - 5*w - v. What is the units digit of n?
9
Suppose 24*n + 109 + 83 = 0. What is the thousands digit of (1*n)/(-1)*9940/56?
1
Suppose 711 = -4*l + l. Suppose 2594 = 5*a - 2*k, -44*k + 48*k = -3*a + 1572. Let i = a + l. What is the units digit of i?
3
Let s = 18 - 15. Let p(m) = 8*m**2 - 3*m - 3 - 7*m - 10*m + 19*m + 5*m**2. What is the hundreds digit of p(s)?
1
Let a(u) = -358*u + 83. Let n(r) = 89*r - 23. Let v(m) = 3*a(m) + 11*n(m). Let d(h) = 2*h**3 - 2*h - 1. Let p be d(-1). What is the units digit of v(p)?
1
Let v(s) = -s**3 - 26*s**2 + 16. Let x be v(-26). Suppose -x*u + 4365 = -u. What is the tens digit of u?
9
Let x(d) = -6*d - 1. Let n be x(-1). Let b be 2/(4 + 10/(-3)). Suppose -4*c + 5 = -n*u, b*u - 26 = u - 4*c. What is the units digit of u?
3
Suppose 3*s - 5246 = 3*g + 12400, 0 = -2*s + 5*g + 11758. What is the hundreds digit of s?
8
Let r(q) = -3*q + 2. Let l be r(0). Let k(c) = -l*c**3 + 4 - 2*c + 6*c - 14*c**2 + 8*c**2. What is the tens digit of k(-5)?
8
Let z = -493 + 1005. Let h = z + 8. What is the units digit of h?
0
Suppose -5*r + 6 = 96. Let j = 23 + r. Let w(g) = g**3 - 4*g**2 + 13*g - 3. What is the units digit of w(j)?
7
Let v be (10/(-1))/((-4)/(-2)). Let f(k) = 13*k - 33. Let l(q) = -12*q + 33. Let g(x) = v*f(x) - 4*l(x). What is the units digit of g(-7)?
2
Suppose 61*k - 56*k = 200. Suppose -25*r + k = -21*r. What is the units digit of 730/(-25)*r/(-4)?
3
Let q = -10514 + 14982. What is the thousands digit of q?
4
Let c(g) = g**3 + 69*g**2 + 55*g - 191. What is the tens digit of c(-30)?
5
Suppose -22*k + 31*k = 90. Suppose k*u - 4877 = -927. What is the hundreds digit of u?
3
Suppose -5497 = -5*p - 4*h, -2*p + 1460 + 738 = 2*h. Let y = -771 + p. What is the hundreds digit of y?
3
Suppose f + 10*p + 15 = 6*p, 3*p = 2*f - 25. Suppose 4652 = f*j + q - 4508, j + q - 1836 = 0. What is the tens digit of j?
3
Suppose 129 = 56*q + 17. What is the hundreds digit of (2 + (4 - q))*1781/52?
1
What is the ten thousands digit of (0 + 27389)/((-3 - 20/(-8))*-1)?
5
Let v be 6/(-2)*(-40 - 2 - 1). Suppose -5*o = 2*p - v, 2*o + 3*p - 48 = p. What is the units digit of o?
7
Suppose 192*s - 158*s + 20393 = 353593. What is the tens digit of s?
0
Let f(p) = 163*p**2 + 74*p + 6. What is the thousands digit of f(-7)?
7
What is the tens digit of (28/(-70))/(3/(-20910))?
8
Let u(d) = 13*d**3 + 5*d**2 + 4*d. Let z be u(5). What is the hundreds digit of ((-36)/75*-10)/(9/z)?
9
Let z = 27830 - 21537. What is the tens digit of z?
9
Suppose v - 2280 = -422. Suppose 14*a - 2860 = v. What is the hundreds digit of a?
3
Let n = -787 - -503. Let c = n + 951. What is the units digit of c?
7
Let f be -4*(1 - 39/(-12)). Let q = f + 19. Suppose q*m - 2 = -5*p + 43, 4 = 4*p. What is the units digit of m?
0
Let f = 94 + 710. Suppose -4*s + 3*k + f = -s, 4*s = 3*k + 1077. What is the units digit of s?
3
Let g(n) = n**3 - 15*n**2 - 29*n + 70. Suppose -v = -2*t - 18, 5*v - 80 - 10 = 5*t. What is the units digit of g(v)?
0
Suppose -648040 = 175*i - 311*i. What is the tens digit of i?
6
Let x = 141 + -138. Suppose -x*y + 1127 = m, 4*y - 1494 = -3*m + 6*m. What is the units digit of y?
5
Let m(v) = 6*v**2 - 5*v + 38. Let k(w) = -19*w**2 + 14*w - 115. Let b(n) = 2*k(n) + 7*m(n). What is the units digit of b(12)?
8
Let x(i) = 2*i**2 + 6*i - 8. Let p be x(-4). Suppose p = 6*h - 4574 + 1838. What is the units digit of h?
6
Suppose 9*q + 24700 = 4*j + 10*q, -2*j - 3*q = -12350. What is the units digit of j?
5
Let r(i) = -2*i**3 + 280*i**2 - 336*i + 721. What is the hundreds digit of r(138)?
5
Let b(z) = 35*z**2 - 13*z - 10. Let f be b(4). Let a = f - 169. What is the hundreds digit of a?
3
Suppose 19*l - 420 = 14*l. Suppose t - l - 412 = 0. What is the tens digit of t?
9
Let g(u) = u**3 + 5. Let j be g(0). Suppose 0 = -y + j*y - 16. Suppose s - 68 = -0*x - y*x, -s + 3*x + 96 = 0. What is the tens digit of s?
8
Let j = -13746 - -13748. Let y(p) = 2*p**2 + 2*p. Let c be y(-2). Suppose -c*f + 0*l + 470 = -2*l, 585 = 5*f - j*l. What is the units digit of f?
5
Let s(k) = k**2 + 2*k. Let m(u) = 58*u**2 + 9*u + 3. Let h(o) = m(o) - 4*s(o). What is the units digit of h(-4)?
3
Let s = 359 + -354. What is the hundreds digit of (-680)/(-3)*15/s?
6
Suppose 685*t - 1882478 = 243*t. What is the tens digit of t?
5
Let f(z) = 59 + 10 - 35 - 4*z. Let y be f(8). Suppose 2*o - 508 = -y*o. What is the units digit of o?
7
Suppose -73616 = -16*f + 299920. Suppose -20*k + 2*k + f = 0. What is the units digit of k?
7
Suppose 0*p + 2*p = 150. Suppose -115 - 354 = 7*b. Let y = p + b. What is the units digit of y?
8
Let t = 2564 + -1361. Let q = -40 + t. What is the units digit of q?
3
Suppose 11 = 2*i - 11. Suppose -i*b + 13*b - 201 = -n, 0 = 5*b - 5*n - 465. What is the units digit of b?
8
Suppose 7*f - 67 = 17. What is the tens digit of f/6 + -382*(-15)/6?
5
Let n = -6930 + 7211. What is the hundreds digit of n?
2
Suppose 433*o - 434*o + 59781 = -v, -o - 3*v + 59757 = 0. What is the units digit of o?
5
Suppose 85759 = 14*x + 11139. Suppose -5*d - 2*y - 3*y = -x, -5*y + 3194 = 3*d. Suppose -4*r + 3*t - t + d = 0, 5*r - 4*t = 1335. What is the units digit of r?
7
Suppose 3*k + 6*g = g + 240, k - 3*g - 66 = 0. Let j = -27 + k. Suppose 2*f - 98 - j = 0. What is the units digit of f?
3
Suppose 0 = -h - x - 3*x + 19, 5*x = 4*h + 8. Suppose 5*o = 2*g + 772, -o - h*g = -7*g - 158. What is the tens digit of o?
5
Let c = 222437 + -153602. What is the thousands digit of c?
8
Let x(c) = -c**3 + 15*c**2 - 25*c - 22. Suppose 83 + 133 = 18*m. What is the hundreds digit of x(m)?
1
Let c(v) = -v**3 + 8*v**2 - 12*v + 10. Let y be c(6). Suppose 2121 = y*i - 5159. What is the units digit of i?
8
Let q = 1091 + 3024. What is the hundreds digit of q?
1
Suppose 1937*i - 1942*i - 126487 = -3*b, 0 = 2*b + 5*i - 84358. What is the hundreds digit of b?
1
Let c(a) = -a**3 + 9*a**2 + 3*a - 22. Suppose 3*d - 40 = -13. Let m be c(d). Suppose -6*q = -m*q - 223. What is the tens digit of q?
2
Suppose z = -515*k + 519*k - 131316, -4*k - 5*z + 131292 = 0. What is the thousands digit of k?
2
Let u(b) be the second derivative of 11*b**4/4 - b**3/2 + b**2 - 13*b. Let j be u(2). What is the units digit of (4 - (j + -2))*(-2)/4?
1
Suppose j - 3*a - 2*a - 1472 = 0, -5*j + 7336 = -a. Suppose 1431 = 5*r + 4*t, 343 = -4*r + 2*t + j. What is the units digit of r?
3
Suppose 19*q = 335 + 6220. Suppose -3*o = 4*l - 3086, -l + q = o - 427. What is the units digit of l?
0
Suppose 3*b + 172 = o - 0*o, 2*o - 2*b - 332 = 0. Suppose -3*i + 345 = 30. Let a = o - i. What is the tens digit of a?
5
What is the units digit of (-18420516)/(-270) + -21 + (-4)/30?
3
Suppose -3*y - 5298 = -6*y. Let i = y - 968. What is the units digit of i?
8
Let p(t) = -t**2 + 101*t - 249. What is the hundreds digit of p(63)?
1
Let g(v) = -v**3 - 6*v**2 + 9*v + 12. Let t be g(-7). Let k be (-6210)/(-9)*(3/(-2) - t). Let n = -242 + k. What is the hundreds digit of n?
1
Let v(o) = 58*o**2 + 10*o - 4. Let j(m) = m**2 + 2*m + 1. Let u(h) = -6*j(h) + v(h). What is the hundreds digit of u(-3)?
4
Let v(t) = t**3 - 8*t**2 + 8. Let b be (28/8 + 1)/((-3)/(-36)). Suppose -5*x + b = x. What is the units digit of v(x)?
9
Let s(a) = 14*a + 12. Suppose 11 = 6*l - 31. Suppose 0 = -0*j + j - l. What is the units digit of s(j)?
0
Let k = -14769 - -40199. What is the tens digit of k?
3
Let a = -7552 - -11667. What is the tens digit of a?
1
Let u be 159/((-8 - 96/(-10)) + -1). Let n be 4 - (1 - 0) - -1. Suppose c - 20 = -2*h + 115, c - u = -n*h. What is the tens digit of h?
6
Let x = 9 - -2. Let f = -842 + 844. Suppose -f*v + x = -v. What is the units digit of v?
1
What is the ten thousands digit of -11 - (-132003)/(4 + 5)?
1
Let b = 0 + 6. Suppose -15 = r - b*r, -5*p + r + 17 = 0. Suppose -p*t + 159 = -3*d - 34, 4*t - 5*d - 183 = 0. What is the tens digit o